{"id":8031,"date":"2024-07-22T11:59:15","date_gmt":"2024-07-22T10:59:15","guid":{"rendered":"https:\/\/www.feuerwehrkostheim.de\/?page_id=8031"},"modified":"2024-07-23T11:55:08","modified_gmt":"2024-07-23T10:55:08","slug":"vereinsmitglied-werden","status":"publish","type":"page","link":"https:\/\/www.feuerwehrkostheim.de\/?page_id=8031","title":{"rendered":"Jetzt Vereinsmitglied werden"},"content":{"rendered":"\n<p class=\"wp-block-paragraph\">Du spielst mit dem Gedanken &#8220;ich m\u00f6chte die Feuerwehr Kostheim unterst\u00fctzen&#8221;, jedoch aktiv in die Feuerwehr einzutreten ist (noch) nichts f\u00fcr Dich &#8211; dann haben wir DIE Alternative: <\/p>\n\n\n\n<p class=\"wp-block-paragraph\">Werde passives Mitglied und unterst\u00fctze die Arbeit unserer Feuerwehr durch Deinen Mitgliedsbeitrag. Mit nur <strong>13 \u20ac pro Jahr<\/strong> leistest auch Du eine tolle Unterst\u00fctzung!<\/p>\n\n\n\n<div style=\"height:25px\" aria-hidden=\"true\" class=\"wp-block-spacer\"><\/div>\n\n\n\n<iframe src=\"https:\/\/easyverein.com\/public\/ffkostheim\/applicationform\/10645?iframe=True\" style=\"width: 100%; min-height: 3200px;\"><\/iframe><br><small><a href=\"https:\/\/easyverein.com\" title=\"Vereinsverwaltungssoftware easyVerein\">Vereinsverwaltung von easyVerein<\/a><\/small>\n","protected":false},"excerpt":{"rendered":"<p>Du spielst mit dem Gedanken &#8220;ich m\u00f6chte die Feuerwehr Kostheim unterst\u00fctzen&#8221;, jedoch aktiv in die Feuerwehr einzutreten ist (noch) nichts f\u00fcr Dich &#8211; dann haben wir DIE Alternative: Werde passives Mitglied und unterst\u00fctze die Arbeit unserer Feuerwehr durch Deinen Mitgliedsbeitrag. Mit nur 13 \u20ac pro Jahr leistest auch Du eine tolle Unterst\u00fctzung! Vereinsverwaltung von easyVerein<\/p>\n","protected":false},"author":1,"featured_media":0,"parent":54,"menu_order":0,"comment_status":"closed","ping_status":"closed","template":"","meta":{"_et_pb_use_builder":"off","_et_pb_old_content":"","_et_gb_content_width":"","_crdt_document":"","footnotes":""},"class_list":["post-8031","page","type-page","status-publish","hentry"],"_links":{"self":[{"href":"https:\/\/www.feuerwehrkostheim.de\/index.php?rest_route=\/wp\/v2\/pages\/8031","targetHints":{"allow":["GET"]}}],"collection":[{"href":"https:\/\/www.feuerwehrkostheim.de\/index.php?rest_route=\/wp\/v2\/pages"}],"about":[{"href":"https:\/\/www.feuerwehrkostheim.de\/index.php?rest_route=\/wp\/v2\/types\/page"}],"author":[{"embeddable":true,"href":"https:\/\/www.feuerwehrkostheim.de\/index.php?rest_route=\/wp\/v2\/users\/1"}],"replies":[{"embeddable":true,"href":"https:\/\/www.feuerwehrkostheim.de\/index.php?rest_route=%2Fwp%2Fv2%2Fcomments&post=8031"}],"version-history":[{"count":9,"href":"https:\/\/www.feuerwehrkostheim.de\/index.php?rest_route=\/wp\/v2\/pages\/8031\/revisions"}],"predecessor-version":[{"id":8048,"href":"https:\/\/www.feuerwehrkostheim.de\/index.php?rest_route=\/wp\/v2\/pages\/8031\/revisions\/8048"}],"up":[{"embeddable":true,"href":"https:\/\/www.feuerwehrkostheim.de\/index.php?rest_route=\/wp\/v2\/pages\/54"}],"wp:attachment":[{"href":"https:\/\/www.feuerwehrkostheim.de\/index.php?rest_route=%2Fwp%2Fv2%2Fmedia&parent=8031"}],"curies":[{"name":"wp","href":"https:\/\/api.w.org\/{rel}","templated":true}]}}