{"id":78,"date":"2011-05-15T09:38:15","date_gmt":"2011-05-15T07:38:15","guid":{"rendered":"http:\/\/www.feuerwehrkostheim.de\/ffk\/?page_id=78"},"modified":"2018-06-02T14:12:26","modified_gmt":"2018-06-02T13:12:26","slug":"1922-1945","status":"publish","type":"page","link":"https:\/\/www.feuerwehrkostheim.de\/?page_id=78","title":{"rendered":"1922 &#8211; 1945"},"content":{"rendered":"<p>Am 28. M\u00e4rz 1922 wurde Herr B\u00e4ckermeister Friedrich Albrecht zum neuen Kommandanten gew\u00e4hlt. Zahlreiche Br\u00e4nde wurden in seiner Amtszeit erfolgreich bek\u00e4mpft. Insbesondere waren es Gro\u00dfbr\u00e4nde: 2. Juni 1924 S\u00e4gewerk Gg.-H. Schollmayer, 16. August 1929 Zellstoffabrik Waldhof und andere.<br \/>\nAls Kommandant Albrecht im Jahre 1933 sein Amt abgeben musste, konnte er auf eine arbeits- und erfolgreiche Zeit in der Wehr zur\u00fcckblicken. Zum Ehrenmitglied ernannt, blieb er der Wehr bis zu seinem Tode am 9. August 1944 treu.<\/p>\n<p>Vom 18. November 1933 bis zum Jahre 1945 war Herr Karl Spreng 12 Jahr Kommandant der Wehr. Die Jahre des zweiten Weltkrieges mit den vielen Bombenangriffen verlangte der Wehr gr\u00f6\u00dftm\u00f6glichen Einsatz und Brandschutztechnisches K\u00f6nnen ab. Viele dieser Eins\u00e4tze konnten nur unter gro\u00dfer Gefahr f\u00fcr Leib und Leben durchgef\u00fchrt werden.<\/p>\n","protected":false},"excerpt":{"rendered":"<p>Am 28. M\u00e4rz 1922 wurde Herr B\u00e4ckermeister Friedrich Albrecht zum neuen Kommandanten gew\u00e4hlt. Zahlreiche Br\u00e4nde wurden in seiner Amtszeit erfolgreich bek\u00e4mpft. Insbesondere waren es Gro\u00dfbr\u00e4nde: 2. Juni 1924 S\u00e4gewerk Gg.-H. Schollmayer, 16. August 1929 Zellstoffabrik Waldhof und andere. Als Kommandant Albrecht im Jahre 1933 sein Amt abgeben musste, konnte er auf eine arbeits- und erfolgreiche [&hellip;]<\/p>\n","protected":false},"author":1,"featured_media":0,"parent":59,"menu_order":0,"comment_status":"closed","ping_status":"closed","template":"","meta":{"_et_pb_use_builder":"","_et_pb_old_content":"","_et_gb_content_width":"","_crdt_document":"","footnotes":""},"class_list":["post-78","page","type-page","status-publish","hentry"],"_links":{"self":[{"href":"https:\/\/www.feuerwehrkostheim.de\/index.php?rest_route=\/wp\/v2\/pages\/78","targetHints":{"allow":["GET"]}}],"collection":[{"href":"https:\/\/www.feuerwehrkostheim.de\/index.php?rest_route=\/wp\/v2\/pages"}],"about":[{"href":"https:\/\/www.feuerwehrkostheim.de\/index.php?rest_route=\/wp\/v2\/types\/page"}],"author":[{"embeddable":true,"href":"https:\/\/www.feuerwehrkostheim.de\/index.php?rest_route=\/wp\/v2\/users\/1"}],"replies":[{"embeddable":true,"href":"https:\/\/www.feuerwehrkostheim.de\/index.php?rest_route=%2Fwp%2Fv2%2Fcomments&post=78"}],"version-history":[{"count":0,"href":"https:\/\/www.feuerwehrkostheim.de\/index.php?rest_route=\/wp\/v2\/pages\/78\/revisions"}],"up":[{"embeddable":true,"href":"https:\/\/www.feuerwehrkostheim.de\/index.php?rest_route=\/wp\/v2\/pages\/59"}],"wp:attachment":[{"href":"https:\/\/www.feuerwehrkostheim.de\/index.php?rest_route=%2Fwp%2Fv2%2Fmedia&parent=78"}],"curies":[{"name":"wp","href":"https:\/\/api.w.org\/{rel}","templated":true}]}}

<p>Am 28. März 1922 wurde Herr Bäckermeister Friedrich Albrecht zum neuen Kommandanten gewählt. Zahlreiche Brände wurden in seiner Amtszeit erfolgreich bekämpft. Insbesondere waren es Großbrände: 2. Juni 1924 Sägewerk Gg.-H. Schollmayer, 16. August 1929 Zellstoffabrik Waldhof und andere.<br />
Als Kommandant Albrecht im Jahre 1933 sein Amt abgeben musste, konnte er auf eine arbeits- und erfolgreiche Zeit in der Wehr zurückblicken. Zum Ehrenmitglied ernannt, blieb er der Wehr bis zu seinem Tode am 9. August 1944 treu.</p>
<p>Vom 18. November 1933 bis zum Jahre 1945 war Herr Karl Spreng 12 Jahr Kommandant der Wehr. Die Jahre des zweiten Weltkrieges mit den vielen Bombenangriffen verlangte der Wehr größtmöglichen Einsatz und Brandschutztechnisches Können ab. Viele dieser Einsätze konnten nur unter großer Gefahr für Leib und Leben durchgeführt werden.</p>

<p>Am 28. März 1922 wurde Herr Bäckermeister Friedrich Albrecht zum neuen Kommandanten gewählt. Zahlreiche Brände wurden in seiner Amtszeit erfolgreich bekämpft. Insbesondere waren es Großbrände: 2. Juni 1924 Sägewerk Gg.-H. Schollmayer, 16. August 1929 Zellstoffabrik Waldhof und andere. Als Kommandant Albrecht im Jahre 1933 sein Amt abgeben musste, konnte er auf eine arbeits- und erfolgreiche [&hellip;]</p>
