{"id":74,"date":"2011-05-13T15:41:16","date_gmt":"2011-05-13T13:41:16","guid":{"rendered":"http:\/\/www.feuerwehrkostheim.de\/ffk\/?page_id=74"},"modified":"2018-06-02T14:12:26","modified_gmt":"2018-06-02T13:12:26","slug":"die-ersten-50-jahre","status":"publish","type":"page","link":"https:\/\/www.feuerwehrkostheim.de\/?page_id=74","title":{"rendered":"Die ersten 50 Jahre"},"content":{"rendered":"<p>Im Jahre 1878 wurde Herr Adam Schollmayer zum neuen Kommandanten gew\u00e4hlt. Die erste Ausr\u00fcstung bestand aus einer Abprotzspritze mit Saug- und Druckvorrichtungen zum Anbringen von zwei Schlauchleitungen sowie Steigleitern und sonstige Steigger\u00e4te.<\/p>\n<p>Im Jahre 1882 fand ein Kreisfeuerwehrtag und 1899 die 25. Jubelfeier mit Bannerweihe statt. Das Banner wurde von der Fa. Schollmeyer des Kommandanten Schollmeyer gestiftet (Es befindet sich heute als Leihgabe im Kostheimer Heimatmuseum).<\/p>\n<div style=\"width: 325px\" class=\"wp-caption aligncenter\"><img loading=\"lazy\" decoding=\"async\" class=\" \" title=\"Chronik 2 - Die ersten 50 Jahre\" src=\"http:\/\/www.feuerwehrkostheim.de\/wp-content\/bilder\/chronik\/chronik_2.png\" alt=\"\" width=\"315\" height=\"198\" \/><p class=\"wp-caption-text\">25 Jahre Feuerwehr Kostheim &#8211; im Jahr 1899<\/p><\/div>\n<p>Nach vollen 26 Jahren als Kommandant der Wehr gab Adam Schollmeyer 1905 hochbetagt das Kommando ab und war noch bis zu seinem Tode im Jahre 1918 als Ehrenkommandant ein gesch\u00e4tzter Berater.<\/p>\n<div style=\"width: 327px\" class=\"wp-caption aligncenter\"><img loading=\"lazy\" decoding=\"async\" title=\"Chronik 3 - Die ersten 50 Jahre\" src=\"http:\/\/www.feuerwehrkostheim.de\/wp-content\/bilder\/chronik\/chronik_3.png\" alt=\"\" width=\"317\" height=\"198\" \/><p class=\"wp-caption-text\">Die FF im Jahre 1911<\/p><\/div>\n<p>Nun wurde Herr Lorenz Thomas, seit Gr\u00fcndung 1.Brandmeister zum neuen Kommandanten gew\u00e4hlt. Er leitete bis 1922 die Geschicke der Wehr. Seine hervorragenden technischen Kenntnisse, sowie seine menschlichen Qualit\u00e4ten sicherten ihm Achtung und Ansehen seitens der Bev\u00f6lkerung und seiner Vorgesetzten. 17 Jahre war er Kommandant und 48 Jahre aktiver Feuerwehr -f\u00fchrer, wof\u00fcr er zum Ehrenkommandanten ernannt wurde. Von der Stadt Mainz durch \u00dcbergabe eines Handschreibens und eines Ehrendegens geehrt, legte er im Alter von 76 Jahren sein Amt nieder.<\/p>\n","protected":false},"excerpt":{"rendered":"<p>Im Jahre 1878 wurde Herr Adam Schollmayer zum neuen Kommandanten gew\u00e4hlt. Die erste Ausr\u00fcstung bestand aus einer Abprotzspritze mit Saug- und Druckvorrichtungen zum Anbringen von zwei Schlauchleitungen sowie Steigleitern und sonstige Steigger\u00e4te. Im Jahre 1882 fand ein Kreisfeuerwehrtag und 1899 die 25. Jubelfeier mit Bannerweihe statt. Das Banner wurde von der Fa. Schollmeyer des Kommandanten [&hellip;]<\/p>\n","protected":false},"author":1,"featured_media":0,"parent":59,"menu_order":0,"comment_status":"closed","ping_status":"closed","template":"","meta":{"_et_pb_use_builder":"","_et_pb_old_content":"","_et_gb_content_width":"","_crdt_document":"","footnotes":""},"class_list":["post-74","page","type-page","status-publish","hentry"],"_links":{"self":[{"href":"https:\/\/www.feuerwehrkostheim.de\/index.php?rest_route=\/wp\/v2\/pages\/74","targetHints":{"allow":["GET"]}}],"collection":[{"href":"https:\/\/www.feuerwehrkostheim.de\/index.php?rest_route=\/wp\/v2\/pages"}],"about":[{"href":"https:\/\/www.feuerwehrkostheim.de\/index.php?rest_route=\/wp\/v2\/types\/page"}],"author":[{"embeddable":true,"href":"https:\/\/www.feuerwehrkostheim.de\/index.php?rest_route=\/wp\/v2\/users\/1"}],"replies":[{"embeddable":true,"href":"https:\/\/www.feuerwehrkostheim.de\/index.php?rest_route=%2Fwp%2Fv2%2Fcomments&post=74"}],"version-history":[{"count":0,"href":"https:\/\/www.feuerwehrkostheim.de\/index.php?rest_route=\/wp\/v2\/pages\/74\/revisions"}],"up":[{"embeddable":true,"href":"https:\/\/www.feuerwehrkostheim.de\/index.php?rest_route=\/wp\/v2\/pages\/59"}],"wp:attachment":[{"href":"https:\/\/www.feuerwehrkostheim.de\/index.php?rest_route=%2Fwp%2Fv2%2Fmedia&parent=74"}],"curies":[{"name":"wp","href":"https:\/\/api.w.org\/{rel}","templated":true}]}}