{"id":427,"date":"2011-08-23T16:41:52","date_gmt":"2011-08-23T14:41:52","guid":{"rendered":"http:\/\/www.feuerwehrkostheim.de\/ffk\/?page_id=427"},"modified":"2018-06-02T14:12:27","modified_gmt":"2018-06-02T13:12:27","slug":"vorherige-fahrzeuge","status":"publish","type":"page","link":"https:\/\/www.feuerwehrkostheim.de\/?page_id=427","title":{"rendered":"Fr\u00fchere Fahrzeuge"},"content":{"rendered":"<p>Welche Fahrzeuge standen in den vergangenen Jahren im Dienste der Feuerwehr Kostheim. Diese Seite soll hier einen kleinen \u00dcberblick geben. Lange Zeit tat sich nichts an der Fahrzeugfront. Erst im Jahr 2010 kam langsam Bewegung in die Sache. Mit \u00dcbergabe des MTF\u00b4s im Dezember 2011, ist nun der Fahrzeugpark komplett neu aufgestellt worden.<\/p>\n<p><strong>Hier die fr\u00fcheren Fahrzeuge:<\/strong><\/p>\n<p><strong>MTF<\/strong> &#8211; Mercedes-Benz 2070<br \/>\n<a title=\"Fr\u00fchere Fahrzeuge FF Kostheim von FF-Kostheim bei Flickr\" href=\"http:\/\/www.flickr.com\/photos\/ffkostheim\/sets\/72157629638130582\/\" target=\"_blank\"><img loading=\"lazy\" decoding=\"async\" class=\"alignleft\" src=\"http:\/\/farm8.staticflickr.com\/7225\/7159441072_e3eeca71b7_m.jpg\" alt=\"Fr\u00fchere Fahrzeuge FF Kostheim\" width=\"240\" height=\"180\" \/><\/a> Dieser Mannschafttransporter war bis Mitte 2001 im Dienst und war das erste Fahrzeug seiner Art im Fuhrpark der Wehr. Es wurde, wie auch sein Nachfolger aus Vereinsmitteln angeschafft. Er diente lediglich dem Transport der Mannschaft und hatte weder Funk noch eine Sondersignalanlage eingebaut.<\/p>\n<p>&nbsp;<\/p>\n<p><strong>MTF<\/strong> &#8211; Mercedes-Benz Vito<br \/>\n<a title=\"Fr\u00fchere Fahrzeuge der FF Kostheim von FF-Kostheim bei Flickr\" href=\"http:\/\/www.flickr.com\/photos\/ffkostheim\/sets\/72157629638130582\/\" target=\"_blank\"><img loading=\"lazy\" decoding=\"async\" class=\"alignleft\" src=\"http:\/\/farm8.staticflickr.com\/7226\/7159610354_a6eae4a8ee_m.jpg\" alt=\"Fr\u00fchere Fahrzeuge der FF Kostheim\" width=\"240\" height=\"180\" \/><\/a> Da der Zustand des ersten MTF\u00b4s immer wieder Reparaturen erforderte, entschloss sich die Kostheimer Feuerwehr im Jahr 2001 einen Nachfolger anzuschaffen. Der wei\u00dfe Vito wurde nach dem Kauf von einem ortsans\u00e4ssigen Lackierer mit dem feuwehrtypischen Rot teillackiert.<\/p>\n<p>&nbsp;<\/p>\n<p><strong>LF 16<\/strong> &#8211; Mercedes-Benz 1222F<br \/>\n<a title=\"Fr\u00fchere Fahrzeuge FF Kostheim von FF-Kostheim bei Flickr\" href=\"http:\/\/www.flickr.com\/photos\/ffkostheim\/sets\/72157629638130582\/\" target=\"_blank\"><img loading=\"lazy\" decoding=\"async\" class=\"alignleft\" src=\"http:\/\/farm8.staticflickr.com\/7211\/7159437180_7da6cfca95_m.jpg\" alt=\"Fr\u00fchere Fahrzeuge FF Kostheim\" width=\"240\" height=\"180\" \/><\/a>Das 1985 gebaute L\u00f6schfahrzeug war bis Mitte 2010 in Kostheim im Einsatz. Das LF mit Ziegler-Aufbau\u00a0 und einem V6 Zylinder, wird seit der Au\u00dferdienststellung als Ausbildungs-LF auf der Feuerwache 2 der Berufsfeuerwehr Wiesbaden genutzt.<\/p>\n<p>&nbsp;<\/p>\n<p><strong>LF 16 TS<\/strong> &#8211; Mercedes-Benz 1113 LAF<br \/>\n<a title=\"Fr\u00fchere Fahrzeuge FF Kostheim von FF-Kostheim bei Flickr\" href=\"http:\/\/www.flickr.com\/photos\/ffkostheim\/sets\/72157629638130582\/\" target=\"_blank\"><img loading=\"lazy\" decoding=\"async\" class=\"alignleft\" src=\"http:\/\/farm6.staticflickr.com\/5239\/7159439904_0023358afc_m.jpg\" alt=\"Fr\u00fchere Fahrzeuge FF Kostheim\" width=\"240\" height=\"180\" \/><\/a> Bis Ende 2011 war das urspr\u00fcnglich vom Bund f\u00fcr den Katastrophenschutz bereitgestellte LF 16-TS in Kostheim stationiert. Es war Baujahr 1986 und wurde im Dezember 2011 gegen ein baugleiches, aber 4 Jahre j\u00fcngeres LF ersetzt. Teuere Reparaturen wurden zuvor nicht mehr ausgef\u00fchrt.<\/p>\n<p>&nbsp;<\/p>\n<p><strong>Mehrzweckboot<\/strong><br \/>\n<a title=\"Fr\u00fchere Fahrzeuge der FF Kostheim von FF-Kostheim bei Flickr\" href=\"http:\/\/www.flickr.com\/photos\/ffkostheim\/sets\/72157629638130582\/\" target=\"_blank\"><img loading=\"lazy\" decoding=\"async\" class=\"alignleft\" src=\"http:\/\/farm9.staticflickr.com\/8146\/7159609514_bdc595dd65_m.jpg\" alt=\"Fr\u00fchere Fahrzeuge der FF Kostheim\" width=\"240\" height=\"180\" \/><\/a> Das erste Kostheimer Mehrzweckboot war von 2007 bis Mitte 2011 im Einsatz. Es wurde in m\u00fchevoller Kleinarbeit nach dem Kauf hergerichtet. Da die Gr\u00f6\u00dfe nicht unbedingt ausreichend war, suchte man 2011 nach einem passenden Ersatz.<\/p>\n","protected":false},"excerpt":{"rendered":"<p>Welche Fahrzeuge standen in den vergangenen Jahren im Dienste der Feuerwehr Kostheim. Diese Seite soll hier einen kleinen \u00dcberblick geben. Lange Zeit tat sich nichts an der Fahrzeugfront. Erst im Jahr 2010 kam langsam Bewegung in die Sache. Mit \u00dcbergabe des MTF\u00b4s im Dezember 2011, ist nun der Fahrzeugpark komplett neu aufgestellt worden. Hier die [&hellip;]<\/p>\n","protected":false},"author":1,"featured_media":0,"parent":41,"menu_order":0,"comment_status":"closed","ping_status":"closed","template":"","meta":{"_et_pb_use_builder":"","_et_pb_old_content":"","_et_gb_content_width":"","_crdt_document":"","footnotes":""},"class_list":["post-427","page","type-page","status-publish","hentry"],"_links":{"self":[{"href":"https:\/\/www.feuerwehrkostheim.de\/index.php?rest_route=\/wp\/v2\/pages\/427","targetHints":{"allow":["GET"]}}],"collection":[{"href":"https:\/\/www.feuerwehrkostheim.de\/index.php?rest_route=\/wp\/v2\/pages"}],"about":[{"href":"https:\/\/www.feuerwehrkostheim.de\/index.php?rest_route=\/wp\/v2\/types\/page"}],"author":[{"embeddable":true,"href":"https:\/\/www.feuerwehrkostheim.de\/index.php?rest_route=\/wp\/v2\/users\/1"}],"replies":[{"embeddable":true,"href":"https:\/\/www.feuerwehrkostheim.de\/index.php?rest_route=%2Fwp%2Fv2%2Fcomments&post=427"}],"version-history":[{"count":0,"href":"https:\/\/www.feuerwehrkostheim.de\/index.php?rest_route=\/wp\/v2\/pages\/427\/revisions"}],"up":[{"embeddable":true,"href":"https:\/\/www.feuerwehrkostheim.de\/index.php?rest_route=\/wp\/v2\/pages\/41"}],"wp:attachment":[{"href":"https:\/\/www.feuerwehrkostheim.de\/index.php?rest_route=%2Fwp%2Fv2%2Fmedia&parent=427"}],"curies":[{"name":"wp","href":"https:\/\/api.w.org\/{rel}","templated":true}]}}

Frühere Fahrzeuge

<p>Welche Fahrzeuge standen in den vergangenen Jahren im Dienste der Feuerwehr Kostheim. Diese Seite soll hier einen kleinen Überblick geben. Lange Zeit tat sich nichts an der Fahrzeugfront. Erst im Jahr 2010 kam langsam Bewegung in die Sache. Mit Übergabe des MTF´s im Dezember 2011, ist nun der Fahrzeugpark komplett neu aufgestellt worden.</p>
<p><strong>Hier die früheren Fahrzeuge:</strong></p>
<p><strong>MTF</strong> &#8211; Mercedes-Benz 2070<br />
<a title="Frühere Fahrzeuge FF Kostheim von FF-Kostheim bei Flickr" href="http://www.flickr.com/photos/ffkostheim/sets/72157629638130582/" target="_blank"><img loading="lazy" decoding="async" class="alignleft" src="http://farm8.staticflickr.com/7225/7159441072_e3eeca71b7_m.jpg" alt="Frühere Fahrzeuge FF Kostheim" width="240" height="180" /></a> Dieser Mannschafttransporter war bis Mitte 2001 im Dienst und war das erste Fahrzeug seiner Art im Fuhrpark der Wehr. Es wurde, wie auch sein Nachfolger aus Vereinsmitteln angeschafft. Er diente lediglich dem Transport der Mannschaft und hatte weder Funk noch eine Sondersignalanlage eingebaut.</p>
<p>&nbsp;</p>
<p><strong>MTF</strong> &#8211; Mercedes-Benz Vito<br />
<a title="Frühere Fahrzeuge der FF Kostheim von FF-Kostheim bei Flickr" href="http://www.flickr.com/photos/ffkostheim/sets/72157629638130582/" target="_blank"><img loading="lazy" decoding="async" class="alignleft" src="http://farm8.staticflickr.com/7226/7159610354_a6eae4a8ee_m.jpg" alt="Frühere Fahrzeuge der FF Kostheim" width="240" height="180" /></a> Da der Zustand des ersten MTF´s immer wieder Reparaturen erforderte, entschloss sich die Kostheimer Feuerwehr im Jahr 2001 einen Nachfolger anzuschaffen. Der weiße Vito wurde nach dem Kauf von einem ortsansässigen Lackierer mit dem feuwehrtypischen Rot teillackiert.</p>
<p>&nbsp;</p>
<p><strong>LF 16</strong> &#8211; Mercedes-Benz 1222F<br />
<a title="Frühere Fahrzeuge FF Kostheim von FF-Kostheim bei Flickr" href="http://www.flickr.com/photos/ffkostheim/sets/72157629638130582/" target="_blank"><img loading="lazy" decoding="async" class="alignleft" src="http://farm8.staticflickr.com/7211/7159437180_7da6cfca95_m.jpg" alt="Frühere Fahrzeuge FF Kostheim" width="240" height="180" /></a>Das 1985 gebaute Löschfahrzeug war bis Mitte 2010 in Kostheim im Einsatz. Das LF mit Ziegler-Aufbau  und einem V6 Zylinder, wird seit der Außerdienststellung als Ausbildungs-LF auf der Feuerwache 2 der Berufsfeuerwehr Wiesbaden genutzt.</p>
<p>&nbsp;</p>
<p><strong>LF 16 TS</strong> &#8211; Mercedes-Benz 1113 LAF<br />
<a title="Frühere Fahrzeuge FF Kostheim von FF-Kostheim bei Flickr" href="http://www.flickr.com/photos/ffkostheim/sets/72157629638130582/" target="_blank"><img loading="lazy" decoding="async" class="alignleft" src="http://farm6.staticflickr.com/5239/7159439904_0023358afc_m.jpg" alt="Frühere Fahrzeuge FF Kostheim" width="240" height="180" /></a> Bis Ende 2011 war das ursprünglich vom Bund für den Katastrophenschutz bereitgestellte LF 16-TS in Kostheim stationiert. Es war Baujahr 1986 und wurde im Dezember 2011 gegen ein baugleiches, aber 4 Jahre jüngeres LF ersetzt. Teuere Reparaturen wurden zuvor nicht mehr ausgeführt.</p>
<p>&nbsp;</p>
<p><strong>Mehrzweckboot</strong><br />
<a title="Frühere Fahrzeuge der FF Kostheim von FF-Kostheim bei Flickr" href="http://www.flickr.com/photos/ffkostheim/sets/72157629638130582/" target="_blank"><img loading="lazy" decoding="async" class="alignleft" src="http://farm9.staticflickr.com/8146/7159609514_bdc595dd65_m.jpg" alt="Frühere Fahrzeuge der FF Kostheim" width="240" height="180" /></a> Das erste Kostheimer Mehrzweckboot war von 2007 bis Mitte 2011 im Einsatz. Es wurde in mühevoller Kleinarbeit nach dem Kauf hergerichtet. Da die Größe nicht unbedingt ausreichend war, suchte man 2011 nach einem passenden Ersatz.</p>

<p>Welche Fahrzeuge standen in den vergangenen Jahren im Dienste der Feuerwehr Kostheim. Diese Seite soll hier einen kleinen Überblick geben. Lange Zeit tat sich nichts an der Fahrzeugfront. Erst im Jahr 2010 kam langsam Bewegung in die Sache. Mit Übergabe des MTF´s im Dezember 2011, ist nun der Fahrzeugpark komplett neu aufgestellt worden. Hier die [&hellip;]</p>
