{"id":423,"date":"2011-08-23T16:41:12","date_gmt":"2011-08-23T14:41:12","guid":{"rendered":"http:\/\/www.feuerwehrkostheim.de\/ffk\/?page_id=423"},"modified":"2021-02-03T12:23:08","modified_gmt":"2021-02-03T11:23:08","slug":"lf-16-ts","status":"publish","type":"page","link":"https:\/\/www.feuerwehrkostheim.de\/?page_id=423","title":{"rendered":"LF 16 TS"},"content":{"rendered":"<p><a title=\"LF16 TS - 22\/45 von FF-Kostheim bei Flickr\" href=\"http:\/\/www.flickr.com\/photos\/ffkostheim\/sets\/72157629986248769\/\" target=\"_blank\" rel=\"noopener\"><img loading=\"lazy\" decoding=\"async\" class=\"alignright\" src=\"http:\/\/farm8.staticflickr.com\/7255\/7152125671_8cfcca4925_m.jpg\" alt=\"LF16 TS - 22\/45\" width=\"240\" height=\"160\" \/><\/a> Ein LF 16-TS steht mittlerweile schon sehr viele Jahre im Dienst der Kostheimer Wehr. Im Zuge der Umsetzung des Fahrzeugkonzeptes wurde nun im Jahr 2011 das 24 Jahre alte LF 16-TS gegen ein 4 Jahre j\u00fcngeres, welches bis zu dem Zeitpunkt in Wiesbaden-Delkenheim stationiert war, ausgetauscht. Beide L\u00f6schfahrzeuge sind im Aufbau und Ausstattung identisch. Das bisherige LF wurde im Dezember 2011 au\u00dfer Dienst gestellt.<\/p>\n<ul>\n<li>Fahrgestell: Mercedes-Benz 1113 LAF<\/li>\n<li>Auf-\/Ausbau: Wackenhut<\/li>\n<li>Baujahr: 1990<\/li>\n<li>Erstzulassung: 15.08.1990<\/li>\n<li>Besatzung: max. 1\/8<\/li>\n<li>Hubraum: 5638 cm\u00b3<\/li>\n<li>Leistung:\u00a0 168 PS \/ 124 kW<\/li>\n<li>H\u00f6chstgeschwindigkeit: 85 km\/h<\/li>\n<li>Leergewicht: 6425 kg<\/li>\n<li>zul. Gesamtgewicht: 8990 kg<\/li>\n<li>L\u00e4nge: 7,8 m<\/li>\n<li>Breite: 2,5 m<\/li>\n<li>H\u00f6he 2,9m<\/li>\n<\/ul>\n<p><a title=\"LF16 TS - 22\/45 von FF-Kostheim bei Flickr\" href=\"http:\/\/www.flickr.com\/photos\/ffkostheim\/sets\/72157629986248769\/\" target=\"_blank\" rel=\"noopener\"><img loading=\"lazy\" decoding=\"async\" class=\"aligncenter\" src=\"http:\/\/farm8.staticflickr.com\/7109\/7152127049_2d7fbda051_m.jpg\" alt=\"LF16 TS - 22\/45\" width=\"240\" height=\"160\" \/><\/a><\/p>\n<ul>\n<li>Vorbaupumpe: 1600 l\/min bei 8 bar<\/li>\n<li>Tragkraftspritze: 800 l\/min bei 8 bar<\/li>\n<li>Elektro &#8211; Tauchpumpe TP 6\/1<\/li>\n<li>2 Winden je 10t<\/li>\n<li>120l Schaummittel<\/li>\n<li>Funkrufname: Florian Wiesbaden 22\/45<\/li>\n<\/ul>\n<p>[FAGP id=5868]<\/p>\n","protected":false},"excerpt":{"rendered":"<p>Ein LF 16-TS steht mittlerweile schon sehr viele Jahre im Dienst der Kostheimer Wehr. Im Zuge der Umsetzung des Fahrzeugkonzeptes wurde nun im Jahr 2011 das 24 Jahre alte LF 16-TS gegen ein 4 Jahre j\u00fcngeres, welches bis zu dem Zeitpunkt in Wiesbaden-Delkenheim stationiert war, ausgetauscht. Beide L\u00f6schfahrzeuge sind im Aufbau und Ausstattung identisch. Das [&hellip;]<\/p>\n","protected":false},"author":1,"featured_media":0,"parent":41,"menu_order":0,"comment_status":"closed","ping_status":"closed","template":"","meta":{"_et_pb_use_builder":"","_et_pb_old_content":"","_et_gb_content_width":"","_crdt_document":"","footnotes":""},"class_list":["post-423","page","type-page","status-publish","hentry"],"_links":{"self":[{"href":"https:\/\/www.feuerwehrkostheim.de\/index.php?rest_route=\/wp\/v2\/pages\/423","targetHints":{"allow":["GET"]}}],"collection":[{"href":"https:\/\/www.feuerwehrkostheim.de\/index.php?rest_route=\/wp\/v2\/pages"}],"about":[{"href":"https:\/\/www.feuerwehrkostheim.de\/index.php?rest_route=\/wp\/v2\/types\/page"}],"author":[{"embeddable":true,"href":"https:\/\/www.feuerwehrkostheim.de\/index.php?rest_route=\/wp\/v2\/users\/1"}],"replies":[{"embeddable":true,"href":"https:\/\/www.feuerwehrkostheim.de\/index.php?rest_route=%2Fwp%2Fv2%2Fcomments&post=423"}],"version-history":[{"count":1,"href":"https:\/\/www.feuerwehrkostheim.de\/index.php?rest_route=\/wp\/v2\/pages\/423\/revisions"}],"predecessor-version":[{"id":5869,"href":"https:\/\/www.feuerwehrkostheim.de\/index.php?rest_route=\/wp\/v2\/pages\/423\/revisions\/5869"}],"up":[{"embeddable":true,"href":"https:\/\/www.feuerwehrkostheim.de\/index.php?rest_route=\/wp\/v2\/pages\/41"}],"wp:attachment":[{"href":"https:\/\/www.feuerwehrkostheim.de\/index.php?rest_route=%2Fwp%2Fv2%2Fmedia&parent=423"}],"curies":[{"name":"wp","href":"https:\/\/api.w.org\/{rel}","templated":true}]}}

<p><a title="LF16 TS - 22/45 von FF-Kostheim bei Flickr" href="http://www.flickr.com/photos/ffkostheim/sets/72157629986248769/" target="_blank" rel="noopener"><img loading="lazy" decoding="async" class="alignright" src="http://farm8.staticflickr.com/7255/7152125671_8cfcca4925_m.jpg" alt="LF16 TS - 22/45" width="240" height="160" /></a> Ein LF 16-TS steht mittlerweile schon sehr viele Jahre im Dienst der Kostheimer Wehr. Im Zuge der Umsetzung des Fahrzeugkonzeptes wurde nun im Jahr 2011 das 24 Jahre alte LF 16-TS gegen ein 4 Jahre jüngeres, welches bis zu dem Zeitpunkt in Wiesbaden-Delkenheim stationiert war, ausgetauscht. Beide Löschfahrzeuge sind im Aufbau und Ausstattung identisch. Das bisherige LF wurde im Dezember 2011 außer Dienst gestellt.</p>
<ul>
<li>Fahrgestell: Mercedes-Benz 1113 LAF</li>
<li>Auf-/Ausbau: Wackenhut</li>
<li>Baujahr: 1990</li>
<li>Erstzulassung: 15.08.1990</li>
<li>Besatzung: max. 1/8</li>
<li>Hubraum: 5638 cm³</li>
<li>Leistung:  168 PS / 124 kW</li>
<li>Höchstgeschwindigkeit: 85 km/h</li>
<li>Leergewicht: 6425 kg</li>
<li>zul. Gesamtgewicht: 8990 kg</li>
<li>Länge: 7,8 m</li>
<li>Breite: 2,5 m</li>
<li>Höhe 2,9m</li>
</ul>
<p><a title="LF16 TS - 22/45 von FF-Kostheim bei Flickr" href="http://www.flickr.com/photos/ffkostheim/sets/72157629986248769/" target="_blank" rel="noopener"><img loading="lazy" decoding="async" class="aligncenter" src="http://farm8.staticflickr.com/7109/7152127049_2d7fbda051_m.jpg" alt="LF16 TS - 22/45" width="240" height="160" /></a></p>
<ul>
<li>Vorbaupumpe: 1600 l/min bei 8 bar</li>
<li>Tragkraftspritze: 800 l/min bei 8 bar</li>
<li>Elektro &#8211; Tauchpumpe TP 6/1</li>
<li>2 Winden je 10t</li>
<li>120l Schaummittel</li>
<li>Funkrufname: Florian Wiesbaden 22/45</li>
</ul>
<p>[FAGP id=5868]</p>

<p>Ein LF 16-TS steht mittlerweile schon sehr viele Jahre im Dienst der Kostheimer Wehr. Im Zuge der Umsetzung des Fahrzeugkonzeptes wurde nun im Jahr 2011 das 24 Jahre alte LF 16-TS gegen ein 4 Jahre jüngeres, welches bis zu dem Zeitpunkt in Wiesbaden-Delkenheim stationiert war, ausgetauscht. Beide Löschfahrzeuge sind im Aufbau und Ausstattung identisch. Das [&hellip;]</p>
