{"id":1726,"date":"2013-10-31T19:56:56","date_gmt":"2013-10-31T17:56:56","guid":{"rendered":"http:\/\/www.feuerwehrkostheim.de\/?page_id=1726"},"modified":"2018-06-02T14:12:28","modified_gmt":"2018-06-02T13:12:28","slug":"danke","status":"publish","type":"page","link":"https:\/\/www.feuerwehrkostheim.de\/?page_id=1726","title":{"rendered":"&#8230; DANKE !!"},"content":{"rendered":"<p><strong><em>Die Jugendfeuerwehr Kostheim veranstaltete zu Ausbildungszwecken am 26.\/27. Oktober 2013 einen Berufsfeuerwehrtag, bei der ein Tag eines hauptberuflichen Feuerwehrmannes simuliert wurde.<\/em><\/strong><\/p>\n<p>Die Jugendabteilung m\u00f6chte sich hiermit bei allen Kostheimer B\u00fcrgerinnen und B\u00fcrgern f\u00fcr ihr Verst\u00e4ndnis bedanken, falls diese durch die ein oder andere \u00dcbung behindert wurden.<\/p>\n<p>Ein gro\u00dfes Lob und Dankesch\u00f6n gilt nat\u00fcrlich auch der Wehrf\u00fchrung und der Einsatzabteilung der Feuerwehr Kostheim, ohne deren flei\u00dfige und freiwillige Hilfe sowie Unterst\u00fctzung der Tag nur halb so erfolgreich und geordnet verlaufen w\u00e4re. Nicht zu vergessen ist auch die Berufsfeuerwehr Wiesbaden, die der JF mit Fahrzeugen, Feldbetten und einer unb\u00fcrokratischen Genehmigung die Arbeit deutlich erleichterte.<\/p>\n<p>Der Firma B\u00fccher und der Firma SCA Hygiene Papier f\u00fcr die zur Verf\u00fcgung gestellten Gel\u00e4nde und der Firma SE-Tylose Wiesbaden, die f\u00fcr diesen Tag mehrere Paletten zur Verf\u00fcgung gestellt hat damit das ein oder andere reale Feuer dargestellt werden konnte.<\/p>\n<p><img loading=\"lazy\" decoding=\"async\" class=\"alignnone\" alt=\"\" src=\"http:\/\/www.feuerwehrkostheim.de\/wp-content\/bilder\/sonstige\/logo_buecher.png\" width=\"184\" height=\"71\" \/> \u00a0 \u00a0 \u00a0 \u00a0 \u00a0 \u00a0 \u00a0 \u00a0 \u00a0 \u00a0 \u00a0 \u00a0 \u00a0 \u00a0 \u00a0 \u00a0 \u00a0 \u00a0 \u00a0 \u00a0 \u00a0 \u00a0 \u00a0 \u00a0 \u00a0 \u00a0 \u00a0 \u00a0 \u00a0 \u00a0 \u00a0 \u00a0 \u00a0 \u00a0\u00a0 <img loading=\"lazy\" decoding=\"async\" alt=\"\" src=\"http:\/\/www.feuerwehrkostheim.de\/wp-content\/bilder\/sonstige\/logo_se.jpg\" width=\"160\" height=\"63\" \/><\/p>\n<p><img loading=\"lazy\" decoding=\"async\" class=\"aligncenter\" alt=\"\" src=\"http:\/\/www.feuerwehrkostheim.de\/wp-content\/bilder\/sonstige\/logo_sca.jpg\" width=\"58\" height=\"75\" \/><\/p>\n<p>Auch m\u00f6chte sich die Jugendabteilung bei dem Jugendrotkreuz Bischofsheim f\u00fcr die gute Zusammenarbeit bedanken, die unsere Jugend den ganzen Tag begleitet haben.<\/p>\n<p>Ein ganz besonderes Danksch\u00f6n gilt unserem Oberb\u00fcrgermeister Sven Gerich, der es trotz seines eng gestrickten Terminkalenders geschafft hat uns bei einem der Eins\u00e4tze zu besuchen.<\/p>\n","protected":false},"excerpt":{"rendered":"<p>Die Jugendfeuerwehr Kostheim veranstaltete zu Ausbildungszwecken am 26.\/27. Oktober 2013 einen Berufsfeuerwehrtag, bei der ein Tag eines hauptberuflichen Feuerwehrmannes simuliert wurde. Die Jugendabteilung m\u00f6chte sich hiermit bei allen Kostheimer B\u00fcrgerinnen und B\u00fcrgern f\u00fcr ihr Verst\u00e4ndnis bedanken, falls diese durch die ein oder andere \u00dcbung behindert wurden. Ein gro\u00dfes Lob und Dankesch\u00f6n gilt nat\u00fcrlich auch der [&hellip;]<\/p>\n","protected":false},"author":1,"featured_media":0,"parent":1714,"menu_order":0,"comment_status":"closed","ping_status":"open","template":"","meta":{"_et_pb_use_builder":"","_et_pb_old_content":"","_et_gb_content_width":"","_crdt_document":"","footnotes":""},"class_list":["post-1726","page","type-page","status-publish","hentry"],"_links":{"self":[{"href":"https:\/\/www.feuerwehrkostheim.de\/index.php?rest_route=\/wp\/v2\/pages\/1726","targetHints":{"allow":["GET"]}}],"collection":[{"href":"https:\/\/www.feuerwehrkostheim.de\/index.php?rest_route=\/wp\/v2\/pages"}],"about":[{"href":"https:\/\/www.feuerwehrkostheim.de\/index.php?rest_route=\/wp\/v2\/types\/page"}],"author":[{"embeddable":true,"href":"https:\/\/www.feuerwehrkostheim.de\/index.php?rest_route=\/wp\/v2\/users\/1"}],"replies":[{"embeddable":true,"href":"https:\/\/www.feuerwehrkostheim.de\/index.php?rest_route=%2Fwp%2Fv2%2Fcomments&post=1726"}],"version-history":[{"count":0,"href":"https:\/\/www.feuerwehrkostheim.de\/index.php?rest_route=\/wp\/v2\/pages\/1726\/revisions"}],"up":[{"embeddable":true,"href":"https:\/\/www.feuerwehrkostheim.de\/index.php?rest_route=\/wp\/v2\/pages\/1714"}],"wp:attachment":[{"href":"https:\/\/www.feuerwehrkostheim.de\/index.php?rest_route=%2Fwp%2Fv2%2Fmedia&parent=1726"}],"curies":[{"name":"wp","href":"https:\/\/api.w.org\/{rel}","templated":true}]}}