{"id":108,"date":"2011-05-15T15:00:45","date_gmt":"2011-05-15T15:00:45","guid":{"rendered":"http:\/\/www.feuerwehrkostheim.de\/ffk\/?page_id=108"},"modified":"2018-06-02T14:12:26","modified_gmt":"2018-06-02T13:12:26","slug":"90er-jahre","status":"publish","type":"page","link":"https:\/\/www.feuerwehrkostheim.de\/?page_id=108","title":{"rendered":"90\u00b4er Jahre"},"content":{"rendered":"<p>Freude und schreckliches Leid erlebte die Kostheimer Feuerwehr <strong>1990<\/strong>. Erst konnten die Wehrm\u00e4nner nicht verhindern, da\u00df zwei kleine Jungen in den Flammen eines brennenden Holzhauses ums Leben kamen. Dann traf sie der Tod zweier jungen aktiven Kameraden innerhalb kurzer Zeit.<\/p>\n<p>Das Mitglied H.J. Bott wurde von der Stadt Wiesbaden mit der B\u00fcrgermedallie in Bronze und dem Ehrenbrief des Landes Hessen f\u00fcr seine Verdienste aus-gezeichnet<\/p>\n<p>\u201dAllzeit selbstlos treu und hilfsbereit\u201d steht auf der neuen Vereinsstandarte die <strong>1991<\/strong> in der St. Kiliankirche unter gro\u00dfer Anteilnahme der Kostheimer Bev\u00f6lkerung sowie der Ortsvereine geweiht wurde<\/p>\n<p>Eine besondere Entscheidung in Sachen Brandschutz &#8211; Erziehung f\u00e4llte die Wehrf\u00fchrung. In Zukunft sollten an Kinderg\u00e4rten und Schulen Unterweisungen im Umgang mit Feuer und Hinweise auf Brandgefahren vermittelt werden. Weit \u00fcber tausend Kinder und Jugendliche wurden inzwischen von der Kostheimer Feuerwehr unterwiesen<\/p>\n<p>Schwarze Rauchs\u00e4ulen standen \u00fcber Kostheim. Nicht die urspr\u00fcnglich f\u00fcr diesen Tag von der Betriebsfeuerwehr geplante Gemeinschafts\u00fcbung trieb die Bev\u00f6lkerung an das Gel\u00e4nde der Fa. Apura, sondern ein Gro\u00dfbrand. Eine Halle mit Papierrollen war in Brand geraten. Wieder war ein Gro\u00dfeinsatz der freiwilligen und der Berufsfeuerwehr von Wiesbaden erforderlich.<\/p>\n<p>Besonderer Eins\u00e4tze in <strong>1993<\/strong>. Schwerer Verkehrsunfall auf der B 40. Die Kostheimer Wehr sicherte die Landung des Rettungshubschrauber.<br \/>\nEine Frau hatte sich auf einen Feldweg in ihrem Auto mit Benzin \u00fcbergossen und selbst angez\u00fcndet. F\u00fcr sie kam jede Hilfe zu sp\u00e4t.<\/p>\n<p>Im November 1993 wurde ein Baukran am Feuerwehrhaus aufgestellt. Nach 37 Jahren erhielt das Feuerwehrger\u00e4tehaus einen Erweiterungsbau, in dem auch Sozialr\u00e4ume f\u00fcr aktiven Frauen und M\u00e4dchen geplant wurden. Eine Heizung in der Fahrzeughalle sowie neue isolierende Hallentore wurden ebenfalls eingebaut.<\/p>\n<p>Im Mai <strong>1995<\/strong> konnte die Feuerwehr offiziell das Ger\u00e4tehaus der \u00d6ffentlichkeit vorstellen. Die aktiven der Wehr hatten unz\u00e4hlige Stunden zur Renovierung beigetragen. Zum anschlie\u00dfenden Tag der offenen T\u00fcr konnte sich die Bev\u00f6lkerung einen Eindruck von der Arbeit der Arbeit machen. Eine Bilddokumentation \u00fcber verschiedene Eins\u00e4tze machte dies deutlich.<br \/>\nWieder Hochwasser an Rhein und Main. Die Kostheimer Wehr h\u00e4lt drei Tage rund um die Uhr Dammwache und sichert eine Schwachstelle mit Sands\u00e4cken.<\/p>\n<p>Im Fr\u00fchjahr <strong>1996<\/strong> brannten innerhalb k\u00fcrzer Zeit zwei gro\u00dfe Strohhaufen nieder und mussten in Handarbeit von der Feuerwehr abgetragen werden. Auf der Maaraue brennen im Juni erst mehrere Tonnen gef\u00e4llter Baumst\u00e4mme und kurze Zeit sp\u00e4ter ein Luxus &#8211; Wohnmobil. Im September \u00fcbte die Wehr erstmals zwei Tage lang au\u00dferhalb der Stadtgrenze von Wiesbaden im Landkreis Mainz &#8211; Bingen. Noch vor Beginn der \u00dcbung r\u00fcckte die Feuerwehr Kostheim zu einem Lagerhallenbrand bei der Fa. Apura aus.<br \/>\nZum besseren Schutz vor der starken Hitze beim L\u00f6scheinsatz erhielt die Wehr die ersten acht Feuerschutzanz\u00fcge.<\/p>\n<p><strong>1997<\/strong> beschaffte die Wehr dann f\u00fcr alle Mitglieder der Einsatzabteilung die noch fehlende Feuerschutzkleidung. Gleich zweimal innerhalb weniger Wochen unterst\u00fctzte die Kostheimer Feuerwehr bei Br\u00e4nden auf dem US-Gel\u00e4nde in Kastel.<br \/>\nW\u00e4hrend einer zweit\u00e4gige Katastrophenschutz-\u00dcbung \u00fcbernachtete die Wehr im September 1997 auf dem Hof der Feuerwache Bensheim im hessischen Ried. Mit einem Motorradkorso von Feuerwehrleuten begleitenden die aktiven ihr Feuerwehrbrautpaar zur Kirche. Die Vereinsfahne aus dem Jahre 1899 wurde dem Heimatverein Kostheim \u00fcbergeben, wo sie k\u00fcnftig in einem extra hergerichteten Fahnenraum dem Publikum zug\u00e4nglich sein wird.<\/p>\n<p>Die 3.Katastrophenschutz\u00fcbung Im August <strong>1998<\/strong> f\u00fchrte die Feuerwehr Kostheim nach Aschaffenburg am Main.<\/p>\n","protected":false},"excerpt":{"rendered":"<p>Freude und schreckliches Leid erlebte die Kostheimer Feuerwehr 1990. Erst konnten die Wehrm\u00e4nner nicht verhindern, da\u00df zwei kleine Jungen in den Flammen eines brennenden Holzhauses ums Leben kamen. Dann traf sie der Tod zweier jungen aktiven Kameraden innerhalb kurzer Zeit. Das Mitglied H.J. Bott wurde von der Stadt Wiesbaden mit der B\u00fcrgermedallie in Bronze und [&hellip;]<\/p>\n","protected":false},"author":1,"featured_media":0,"parent":59,"menu_order":0,"comment_status":"closed","ping_status":"open","template":"","meta":{"_et_pb_use_builder":"","_et_pb_old_content":"","_et_gb_content_width":"","_crdt_document":"","footnotes":""},"class_list":["post-108","page","type-page","status-publish","hentry"],"_links":{"self":[{"href":"https:\/\/www.feuerwehrkostheim.de\/index.php?rest_route=\/wp\/v2\/pages\/108","targetHints":{"allow":["GET"]}}],"collection":[{"href":"https:\/\/www.feuerwehrkostheim.de\/index.php?rest_route=\/wp\/v2\/pages"}],"about":[{"href":"https:\/\/www.feuerwehrkostheim.de\/index.php?rest_route=\/wp\/v2\/types\/page"}],"author":[{"embeddable":true,"href":"https:\/\/www.feuerwehrkostheim.de\/index.php?rest_route=\/wp\/v2\/users\/1"}],"replies":[{"embeddable":true,"href":"https:\/\/www.feuerwehrkostheim.de\/index.php?rest_route=%2Fwp%2Fv2%2Fcomments&post=108"}],"version-history":[{"count":0,"href":"https:\/\/www.feuerwehrkostheim.de\/index.php?rest_route=\/wp\/v2\/pages\/108\/revisions"}],"up":[{"embeddable":true,"href":"https:\/\/www.feuerwehrkostheim.de\/index.php?rest_route=\/wp\/v2\/pages\/59"}],"wp:attachment":[{"href":"https:\/\/www.feuerwehrkostheim.de\/index.php?rest_route=%2Fwp%2Fv2%2Fmedia&parent=108"}],"curies":[{"name":"wp","href":"https:\/\/api.w.org\/{rel}","templated":true}]}}